{"id":29,"date":"2025-10-13T00:04:04","date_gmt":"2025-10-12T22:04:04","guid":{"rendered":"https:\/\/imaginexperts.fr\/?page_id=29"},"modified":"2025-10-16T00:21:15","modified_gmt":"2025-10-15T22:21:15","slug":"test-elementor","status":"publish","type":"page","link":"https:\/\/imaginexperts.fr\/index.php\/test-elementor\/","title":{"rendered":"Test Elementor"},"content":{"rendered":"\t\t<div data-elementor-type=\"wp-page\" data-elementor-id=\"29\" class=\"elementor elementor-29\">\n\t\t\t\t<div class=\"elementor-element elementor-element-835a4a2 e-flex e-con-boxed e-con e-parent\" data-id=\"835a4a2\" data-element_type=\"container\">\n\t\t\t\t\t<div class=\"e-con-inner\">\n\t\t\t\t\t<\/div>\n\t\t\t\t<\/div>\n\t\t<div class=\"elementor-element elementor-element-b661f81 e-grid e-con-boxed e-con e-parent\" data-id=\"b661f81\" data-element_type=\"container\">\n\t\t\t\t\t<div class=\"e-con-inner\">\n\t\t\t\t<div class=\"elementor-element elementor-element-720596a elementor-widget elementor-widget-heading\" data-id=\"720596a\" data-element_type=\"widget\" data-widget_type=\"heading.default\">\n\t\t\t\t\t<h2 class=\"elementor-heading-title elementor-size-default\">IMAGINEXPERTS<\/h2>\t\t\t\t<\/div>\n\t\t\t\t<div class=\"elementor-element elementor-element-044ff8e elementor-widget elementor-widget-heading\" data-id=\"044ff8e\" data-element_type=\"widget\" data-widget_type=\"heading.default\">\n\t\t\t\t\t<h2 class=\"elementor-heading-title elementor-size-default\">SOLUTIONS TECHNIQUES POUR RENOVER L'ESPRIT CLAIR<\/h2>\t\t\t\t<\/div>\n\t\t\t\t\t<\/div>\n\t\t\t\t<\/div>\n\t\t<div class=\"elementor-element elementor-element-6f0547f e-flex e-con-boxed e-con e-parent\" data-id=\"6f0547f\" data-element_type=\"container\">\n\t\t\t\t\t<div class=\"e-con-inner\">\n\t\t\t\t<div class=\"elementor-element elementor-element-fa4abf1 elementor-widget elementor-widget-text-editor\" data-id=\"fa4abf1\" data-element_type=\"widget\" data-widget_type=\"text-editor.default\">\n\t\t\t\t\t\t\t\t\t<p data-start=\"376\" data-end=\"521\"><strong data-start=\"376\" data-end=\"405\">UN CONSTAT INCONTOURNABLE<\/strong><br data-start=\"405\" data-end=\"408\">Plus de <strong data-start=\"416\" data-end=\"453\">80 % des litiges li\u00e9s au b\u00e2timent<\/strong> finissent <strong data-start=\"464\" data-end=\"475\">bloqu\u00e9s<\/strong>, <strong data-start=\"477\" data-end=\"492\">mal r\u00e9solus<\/strong> ou <strong data-start=\"496\" data-end=\"518\">laiss\u00e9s sans suite<\/strong>.<\/p>\n<p data-start=\"523\" data-end=\"655\">Des <strong data-start=\"527\" data-end=\"555\">propri\u00e9taires d\u00e9sempar\u00e9s<\/strong>.<br data-start=\"556\" data-end=\"559\">Des <strong data-start=\"563\" data-end=\"588\">chantiers \u00e0 l\u2019abandon<\/strong>.<br data-start=\"589\" data-end=\"592\">Des <strong data-start=\"596\" data-end=\"620\">d\u00e9sordres techniques<\/strong> qui s\u2019aggravent, faute de suivi.<\/p>\n<hr data-start=\"657\" data-end=\"660\">\n<p data-start=\"662\" data-end=\"880\"><strong data-start=\"662\" data-end=\"690\">NOUS AVONS D\u00c9CID\u00c9 D\u2019AGIR<\/strong><br data-start=\"690\" data-end=\"693\">Chez <strong data-start=\"698\" data-end=\"714\">ImagineXpert<\/strong>, nous refusons la fatalit\u00e9.<br data-start=\"742\" data-end=\"745\">Nous avons cr\u00e9\u00e9 un <strong data-start=\"764\" data-end=\"800\">collectif d\u2019experts ind\u00e9pendants<\/strong> pour remettre de l\u2019ordre, du sens et de la rigueur dans le monde du b\u00e2timent.<\/p>\n<p data-start=\"882\" data-end=\"1099\">Nous accompagnons \u00e9galement les <strong data-start=\"914\" data-end=\"972\">particuliers confront\u00e9s \u00e0 des inerties administratives<\/strong> ou \u00e0 des <strong data-start=\"982\" data-end=\"1002\">syndics inactifs<\/strong>, afin de <strong data-start=\"1012\" data-end=\"1039\">r\u00e9activer leurs projets<\/strong> et <strong data-start=\"1043\" data-end=\"1067\">r\u00e9tablir le dialogue<\/strong> entre les diff\u00e9rents acteurs.<\/p>\n<hr data-start=\"1101\" data-end=\"1104\">\n<p data-start=\"1106\" data-end=\"1241\"><strong data-start=\"1106\" data-end=\"1121\">NOTRE FORCE<\/strong><br data-start=\"1121\" data-end=\"1124\"><img decoding=\"async\" draggable=\"false\" role=\"img\" class=\"emoji\" alt=\"\ud83d\udc49\" src=\"https:\/\/s.w.org\/images\/core\/emoji\/16.0.1\/svg\/1f449.svg\"> Des <strong data-start=\"1131\" data-end=\"1151\">analyses claires<\/strong>,<br data-start=\"1152\" data-end=\"1155\"><img decoding=\"async\" draggable=\"false\" role=\"img\" class=\"emoji\" alt=\"\ud83d\udc49\" src=\"https:\/\/s.w.org\/images\/core\/emoji\/16.0.1\/svg\/1f449.svg\"> Des <strong data-start=\"1162\" data-end=\"1185\">solutions concr\u00e8tes<\/strong>,<br data-start=\"1186\" data-end=\"1189\"><img decoding=\"async\" draggable=\"false\" role=\"img\" class=\"emoji\" alt=\"\ud83d\udc49\" src=\"https:\/\/s.w.org\/images\/core\/emoji\/16.0.1\/svg\/1f449.svg\"> Et un <strong data-start=\"1198\" data-end=\"1223\">accompagnement humain<\/strong> \u00e0 chaque \u00e9tape.<\/p><p data-start=\"1106\" data-end=\"1241\"><br><\/p>\t\t\t\t\t\t\t\t<\/div>\n\t\t\t\t\t<\/div>\n\t\t\t\t<\/div>\n\t\t<div class=\"elementor-element elementor-element-b3c1464 e-flex e-con-boxed e-con e-parent\" data-id=\"b3c1464\" data-element_type=\"container\">\n\t\t\t\t\t<div class=\"e-con-inner\">\n\t\t<div class=\"elementor-element elementor-element-27dd9f9 e-con-full e-flex e-con e-child\" data-id=\"27dd9f9\" data-element_type=\"container\">\n\t\t\t\t<div class=\"elementor-element elementor-element-6ea2059 elementor-widget elementor-widget-heading\" data-id=\"6ea2059\" data-element_type=\"widget\" data-widget_type=\"heading.default\">\n\t\t\t\t\t<h2 class=\"elementor-heading-title elementor-size-default\">NOTRE POSTURE\n<\/h2>\t\t\t\t<\/div>\n\t\t\t\t<\/div>\n\t\t\t\t\t<\/div>\n\t\t\t\t<\/div>\n\t\t<div class=\"elementor-element elementor-element-a295cfc e-flex e-con-boxed e-con e-parent\" data-id=\"a295cfc\" data-element_type=\"container\">\n\t\t\t\t\t<div class=\"e-con-inner\">\n\t\t\t\t<div class=\"elementor-element elementor-element-c35e1d7 elementor-widget elementor-widget-text-editor\" data-id=\"c35e1d7\" data-element_type=\"widget\" data-widget_type=\"text-editor.default\">\n\t\t\t\t\t\t\t\t\t<p>Notre r\u00f4le n\u2019est <strong data-start=\"255\" data-end=\"287\">ni de remplacer l\u2019architecte<\/strong>, ni de <strong data-start=\"295\" data-end=\"330\">se substituer au ma\u00eetre d\u2019\u0153uvre<\/strong>.<br data-start=\"331\" data-end=\"334\" \/>Nous sommes <strong data-start=\"346\" data-end=\"391\">l\u2019accompagnant technique et administratif<\/strong> du client \u2014 un <strong data-start=\"407\" data-end=\"429\">tiers de confiance<\/strong> qui apporte <strong data-start=\"442\" data-end=\"452\">clart\u00e9<\/strong> et <strong data-start=\"456\" data-end=\"467\">rigueur<\/strong> \u00e0 chaque \u00e9tape du projet.<\/p>\t\t\t\t\t\t\t\t<\/div>\n\t\t\t\t<div class=\"elementor-element elementor-element-1d08cfe elementor-widget elementor-widget-text-editor\" data-id=\"1d08cfe\" data-element_type=\"widget\" data-widget_type=\"text-editor.default\">\n\t\t\t\t\t\t\t\t\t<h3 data-start=\"502\" data-end=\"523\"><strong data-start=\"506\" data-end=\"523\">NOS 4 PRIORITES<\/strong><\/h3>\n<p data-start=\"525\" data-end=\"766\"><img decoding=\"async\" draggable=\"false\" role=\"img\" class=\"emoji\" alt=\"1\ufe0f\u20e3\" src=\"https:\/\/s.w.org\/images\/core\/emoji\/16.0.1\/svg\/31-20e3.svg\"> <strong data-start=\"529\" data-end=\"542\">D\u00e9crypter<\/strong> les devis et les offres commerciales<br data-start=\"579\" data-end=\"582\"><img decoding=\"async\" draggable=\"false\" role=\"img\" class=\"emoji\" alt=\"2\ufe0f\u20e3\" src=\"https:\/\/s.w.org\/images\/core\/emoji\/16.0.1\/svg\/32-20e3.svg\"> <strong data-start=\"586\" data-end=\"598\">V\u00e9rifier<\/strong> les assurances, garanties et certifications<br data-start=\"642\" data-end=\"645\"><img decoding=\"async\" draggable=\"false\" role=\"img\" class=\"emoji\" alt=\"3\ufe0f\u20e3\" src=\"https:\/\/s.w.org\/images\/core\/emoji\/16.0.1\/svg\/33-20e3.svg\"> <strong data-start=\"649\" data-end=\"662\">Anticiper<\/strong> les d\u00e9sordres potentiels<br data-start=\"687\" data-end=\"690\"><img decoding=\"async\" draggable=\"false\" role=\"img\" class=\"emoji\" alt=\"4\ufe0f\u20e3\" src=\"https:\/\/s.w.org\/images\/core\/emoji\/16.0.1\/svg\/34-20e3.svg\"> <strong data-start=\"694\" data-end=\"704\">\u00c9viter<\/strong> les pi\u00e8ges des entreprises mal form\u00e9es ou mal intentionn\u00e9es<\/p>\t\t\t\t\t\t\t\t<\/div>\n\t\t\t\t<div class=\"elementor-element elementor-element-e0b4567 elementor-widget elementor-widget-text-editor\" data-id=\"e0b4567\" data-element_type=\"widget\" data-widget_type=\"text-editor.default\">\n\t\t\t\t\t\t\t\t\t<p>Une posture d\u2019\u00e9quilibre et de lucidit\u00e9, au service du client et du bon d\u00e9roulement des travaux.<\/p>\t\t\t\t\t\t\t\t<\/div>\n\t\t\t\t\t<\/div>\n\t\t\t\t<\/div>\n\t\t<div class=\"elementor-element elementor-element-85fbb7f e-flex e-con-boxed e-con e-parent\" data-id=\"85fbb7f\" data-element_type=\"container\">\n\t\t\t\t\t<div class=\"e-con-inner\">\n\t\t\t\t<div class=\"elementor-element elementor-element-2c08e89 elementor-widget elementor-widget-text-editor\" data-id=\"2c08e89\" data-element_type=\"widget\" data-widget_type=\"text-editor.default\">\n\t\t\t\t\t\t\t\t\t<h2 data-start=\"286\" data-end=\"323\">\ud83d\udfe6 <strong data-start=\"292\" data-end=\"323\">NOS DOMAINES D\u2019INTERVENTION<\/strong><\/h2><p data-start=\"325\" data-end=\"504\">Nous intervenons \u00e0 <strong data-start=\"344\" data-end=\"416\">toutes les \u00e9tapes d\u2019un projet de r\u00e9novation ou de reprise de travaux<\/strong>,<br data-start=\"417\" data-end=\"420\" \/>depuis le <strong data-start=\"430\" data-end=\"449\">constat initial<\/strong> jusqu\u2019\u00e0 la <strong data-start=\"461\" data-end=\"501\">validation des solutions correctives<\/strong>.<\/p><p data-start=\"506\" data-end=\"642\">Chaque mission s\u2019appuie sur une approche <strong data-start=\"547\" data-end=\"582\">claire, factuelle et document\u00e9e<\/strong>,<br data-start=\"583\" data-end=\"586\" \/>au service du client et de la qualit\u00e9 du r\u00e9sultat final.<\/p>\t\t\t\t\t\t\t\t<\/div>\n\t\t\t\t\t<\/div>\n\t\t\t\t<\/div>\n\t\t<div class=\"elementor-element elementor-element-292d971 e-flex e-con-boxed e-con e-parent\" data-id=\"292d971\" data-element_type=\"container\">\n\t\t\t\t\t<div class=\"e-con-inner\">\n\t\t\t\t<div class=\"elementor-element elementor-element-10f3056 elementor-widget elementor-widget-text-editor\" data-id=\"10f3056\" data-element_type=\"widget\" data-widget_type=\"text-editor.default\">\n\t\t\t\t\t\t\t\t\t<h3 data-start=\"649\" data-end=\"680\"><strong data-start=\"653\" data-end=\"678\">1\ufe0f\u20e3 Analyse technique<\/strong><\/h3><p data-start=\"681\" data-end=\"851\">Identifier les causes r\u00e9elles des d\u00e9sordres, comprendre les interactions entre supports et mat\u00e9riaux,<br data-start=\"782\" data-end=\"785\" \/>et poser un <strong data-start=\"797\" data-end=\"831\">diagnostic pr\u00e9cis et argument\u00e9<\/strong> avant toute action.<\/p>\t\t\t\t\t\t\t\t<\/div>\n\t\t\t\t\t<\/div>\n\t\t\t\t<\/div>\n\t\t<div class=\"elementor-element elementor-element-535a31c e-flex e-con-boxed e-con e-parent\" data-id=\"535a31c\" data-element_type=\"container\">\n\t\t\t\t\t<div class=\"e-con-inner\">\n\t\t\t\t<div class=\"elementor-element elementor-element-ae8b4e2 elementor-widget elementor-widget-text-editor\" data-id=\"ae8b4e2\" data-element_type=\"widget\" data-widget_type=\"text-editor.default\">\n\t\t\t\t\t\t\t\t\t<h3 data-start=\"858\" data-end=\"896\"><strong data-start=\"862\" data-end=\"894\">2\ufe0f\u20e3 Accompagnement de projet<\/strong><\/h3><p data-start=\"897\" data-end=\"1086\">Assister le client dans la <strong data-start=\"924\" data-end=\"951\">pr\u00e9paration et le suivi<\/strong> de ses travaux :<br data-start=\"968\" data-end=\"971\" \/>lecture de devis, planification, coordination des intervenants et <strong data-start=\"1037\" data-end=\"1070\">v\u00e9rification de la conformit\u00e9<\/strong> \u00e0 chaque \u00e9tape.<\/p>\t\t\t\t\t\t\t\t<\/div>\n\t\t\t\t\t<\/div>\n\t\t\t\t<\/div>\n\t\t<div class=\"elementor-element elementor-element-7144678 e-flex e-con-boxed e-con e-parent\" data-id=\"7144678\" data-element_type=\"container\">\n\t\t\t\t\t<div class=\"e-con-inner\">\n\t\t\t\t<div class=\"elementor-element elementor-element-26cd35c elementor-widget elementor-widget-text-editor\" data-id=\"26cd35c\" data-element_type=\"widget\" data-widget_type=\"text-editor.default\">\n\t\t\t\t\t\t\t\t\t<h3 data-start=\"1293\" data-end=\"1328\"><strong data-start=\"1297\" data-end=\"1326\">4\ufe0f\u20e3 Solutions correctives<\/strong><\/h3><p data-start=\"1329\" data-end=\"1523\">Proposer des <strong data-start=\"1342\" data-end=\"1382\">pr\u00e9conisations concr\u00e8tes et durables<\/strong>, valid\u00e9es par l\u2019exp\u00e9rience terrain et les normes en vigueur,<br data-start=\"1443\" data-end=\"1446\" \/>pour garantir la <strong data-start=\"1463\" data-end=\"1489\">p\u00e9rennit\u00e9 des ouvrages<\/strong> et la <strong data-start=\"1496\" data-end=\"1522\">satisfaction du client<\/strong>.<\/p>\t\t\t\t\t\t\t\t<\/div>\n\t\t\t\t\t<\/div>\n\t\t\t\t<\/div>\n\t\t\t\t<\/div>\n\t\t","protected":false},"excerpt":{"rendered":"<p>IMAGINEXPERTS SOLUTIONS TECHNIQUES POUR RENOVER L&rsquo;ESPRIT CLAIR UN CONSTAT INCONTOURNABLEPlus de 80 % des litiges li\u00e9s au b\u00e2timent finissent bloqu\u00e9s, mal r\u00e9solus ou laiss\u00e9s sans suite. Des propri\u00e9taires d\u00e9sempar\u00e9s.Des chantiers \u00e0 l\u2019abandon.Des d\u00e9sordres techniques qui s\u2019aggravent, faute de suivi. NOUS AVONS D\u00c9CID\u00c9 D\u2019AGIRChez ImagineXpert, nous refusons la fatalit\u00e9.Nous avons cr\u00e9\u00e9 un collectif d\u2019experts ind\u00e9pendants pour [&hellip;]<\/p>\n","protected":false},"author":1,"featured_media":0,"parent":0,"menu_order":0,"comment_status":"closed","ping_status":"closed","template":"","meta":{"footnotes":""},"class_list":["post-29","page","type-page","status-publish","hentry"],"_links":{"self":[{"href":"https:\/\/imaginexperts.fr\/index.php\/wp-json\/wp\/v2\/pages\/29","targetHints":{"allow":["GET"]}}],"collection":[{"href":"https:\/\/imaginexperts.fr\/index.php\/wp-json\/wp\/v2\/pages"}],"about":[{"href":"https:\/\/imaginexperts.fr\/index.php\/wp-json\/wp\/v2\/types\/page"}],"author":[{"embeddable":true,"href":"https:\/\/imaginexperts.fr\/index.php\/wp-json\/wp\/v2\/users\/1"}],"replies":[{"embeddable":true,"href":"https:\/\/imaginexperts.fr\/index.php\/wp-json\/wp\/v2\/comments?post=29"}],"version-history":[{"count":10,"href":"https:\/\/imaginexperts.fr\/index.php\/wp-json\/wp\/v2\/pages\/29\/revisions"}],"predecessor-version":[{"id":42,"href":"https:\/\/imaginexperts.fr\/index.php\/wp-json\/wp\/v2\/pages\/29\/revisions\/42"}],"wp:attachment":[{"href":"https:\/\/imaginexperts.fr\/index.php\/wp-json\/wp\/v2\/media?parent=29"}],"curies":[{"name":"wp","href":"https:\/\/api.w.org\/{rel}","templated":true}]}}